{"id":2,"date":"2021-07-19T18:01:33","date_gmt":"2021-07-19T16:01:33","guid":{"rendered":"https:\/\/www.nafili.de\/?page_id=2"},"modified":"2024-12-01T17:56:59","modified_gmt":"2024-12-01T16:56:59","slug":"beispiel-seite","status":"publish","type":"page","link":"https:\/\/www.nafili.de\/","title":{"rendered":"Home"},"content":{"rendered":"\n<p>Damit ihr ein bissen mitbekommt, was wir da draussen in den Rheinauen so treiben, haben wir uns entschlossen unsere Aktivit\u00e4ten auf einer Webseite zu pr\u00e4sentieren.<\/p>\n\n\n\n<p>In naher Zukunft wird hier die Pr\u00e4senz unseres Vereins aufgebaut. Momentan denken wir folgende Bereiche zu erstellen:<\/p>\n\n\n\n<ul class=\"wp-block-list\">\n<li>Vorstellung unseres Vereins<\/li>\n\n\n\n<li>Gew\u00e4sserkarte unserer Angelm\u00f6glichkeiten<\/li>\n\n\n\n<li>Blog der mit Artikeln unserer Aktionen bef\u00fcllt werden soll<\/li>\n\n\n\n<li>Termine<\/li>\n<\/ul>\n\n\n\n<p><\/p>\n\n\n\n<figure class=\"wp-block-image size-large\"><img loading=\"lazy\" decoding=\"async\" width=\"1024\" height=\"768\" src=\"https:\/\/www.nafili.de\/wp-content\/uploads\/2021\/07\/IMAG0092-1-1024x768.jpg\" alt=\"\" class=\"wp-image-17\" srcset=\"https:\/\/www.nafili.de\/wp-content\/uploads\/2021\/07\/IMAG0092-1-1024x768.jpg 1024w, https:\/\/www.nafili.de\/wp-content\/uploads\/2021\/07\/IMAG0092-1-300x225.jpg 300w, https:\/\/www.nafili.de\/wp-content\/uploads\/2021\/07\/IMAG0092-1-768x576.jpg 768w, https:\/\/www.nafili.de\/wp-content\/uploads\/2021\/07\/IMAG0092-1-1536x1152.jpg 1536w, https:\/\/www.nafili.de\/wp-content\/uploads\/2021\/07\/IMAG0092-1-2048x1536.jpg 2048w, https:\/\/www.nafili.de\/wp-content\/uploads\/2021\/07\/IMAG0092-1-1568x1176.jpg 1568w, https:\/\/www.nafili.de\/wp-content\/uploads\/2021\/07\/IMAG0092-1-scaled.jpg 1920w\" sizes=\"(max-width: 1024px) 100vw, 1024px\" \/><\/figure>\n\n\n\n<p><\/p>\n\n\n\n<p><\/p>\n","protected":false},"excerpt":{"rendered":"<p>Damit ihr ein bissen mitbekommt, was wir da draussen in den Rheinauen so treiben, haben wir uns entschlossen unsere Aktivit\u00e4ten auf einer Webseite zu pr\u00e4sentieren. In naher Zukunft wird hier die Pr\u00e4senz unseres Vereins aufgebaut. Momentan denken wir folgende Bereiche zu erstellen:<\/p>\n","protected":false},"author":3,"featured_media":0,"parent":0,"menu_order":0,"comment_status":"closed","ping_status":"open","template":"","meta":{"_et_pb_use_builder":"off","_et_pb_old_content":"<!-- wp:paragraph -->\n<p>Damit ihr ein bissen mitbekommt, was wir da draussen in den Rheinauen so treiben, haben wir uns entschlossen unsere Aktivit\u00e4ten auf einer Webseite zu pr\u00e4sentieren.<\/p>\n<!-- \/wp:paragraph -->\n\n<!-- wp:paragraph -->\n<p>In naher Zukunft wird hier die Pr\u00e4senz unseres Vereins aufgebaut. Momentan denken wir folgende Bereiche zu erstellen:<\/p>\n<!-- \/wp:paragraph -->\n\n<!-- wp:list -->\n<ul class=\"wp-block-list\"><!-- wp:list-item -->\n<li>Vorstellung unseres Vereins<\/li>\n<!-- \/wp:list-item -->\n\n<!-- wp:list-item -->\n<li>Gew\u00e4sserkarte unserer Angelm\u00f6glichkeiten<\/li>\n<!-- \/wp:list-item -->\n\n<!-- wp:list-item -->\n<li>Blog der mit Artikeln unserer Aktionen bef\u00fcllt werden soll<\/li>\n<!-- \/wp:list-item -->\n\n<!-- wp:list-item -->\n<li>Termine<\/li>\n<!-- \/wp:list-item --><\/ul>\n<!-- \/wp:list -->\n\n<!-- wp:paragraph -->\n<p>Hier mal zu Begin ein sch\u00f6nes Bild vom K\u00f6nigssee<\/p>\n<!-- \/wp:paragraph -->\n\n<!-- wp:image {\"id\":17,\"sizeSlug\":\"large\",\"linkDestination\":\"none\"} -->\n<figure class=\"wp-block-image size-large\"><img src=\"https:\/\/www.nafili.de\/wp-content\/uploads\/2021\/07\/IMAG0092-1-1024x768.jpg\" alt=\"\" class=\"wp-image-17\"\/><\/figure>\n<!-- \/wp:image -->\n\n<!-- wp:paragraph -->\n<p><\/p>\n<!-- \/wp:paragraph -->\n\n<!-- wp:paragraph -->\n<p><\/p>\n<!-- \/wp:paragraph -->","_et_gb_content_width":"","footnotes":""},"class_list":["post-2","page","type-page","status-publish","hentry"],"_links":{"self":[{"href":"https:\/\/www.nafili.de\/index.php?rest_route=\/wp\/v2\/pages\/2","targetHints":{"allow":["GET"]}}],"collection":[{"href":"https:\/\/www.nafili.de\/index.php?rest_route=\/wp\/v2\/pages"}],"about":[{"href":"https:\/\/www.nafili.de\/index.php?rest_route=\/wp\/v2\/types\/page"}],"author":[{"embeddable":true,"href":"https:\/\/www.nafili.de\/index.php?rest_route=\/wp\/v2\/users\/3"}],"replies":[{"embeddable":true,"href":"https:\/\/www.nafili.de\/index.php?rest_route=%2Fwp%2Fv2%2Fcomments&post=2"}],"version-history":[{"count":15,"href":"https:\/\/www.nafili.de\/index.php?rest_route=\/wp\/v2\/pages\/2\/revisions"}],"predecessor-version":[{"id":22822,"href":"https:\/\/www.nafili.de\/index.php?rest_route=\/wp\/v2\/pages\/2\/revisions\/22822"}],"wp:attachment":[{"href":"https:\/\/www.nafili.de\/index.php?rest_route=%2Fwp%2Fv2%2Fmedia&parent=2"}],"curies":[{"name":"wp","href":"https:\/\/api.w.org\/{rel}","templated":true}]}}